{"id":904,"date":"2014-04-08T11:08:14","date_gmt":"2014-04-08T10:08:14","guid":{"rendered":"http:\/\/domainedetrestraou.com\/es\/cgv\/"},"modified":"2022-06-24T11:17:26","modified_gmt":"2022-06-24T10:17:26","slug":"condiciones-generales","status":"publish","type":"page","link":"https:\/\/domainedetrestraou.com\/es\/condiciones-generales\/","title":{"rendered":"Condiciones generales"},"content":{"rendered":"<h2>Reserva<\/h2>\n<h3>Parcelas:<\/h3>\n<ul>\n<li>La tarifa b\u00e1sica incluye una parcela para: la instalaci\u00f3n (tienda, caravana o autocaravana), 1 o 2 personas en funci\u00f3n de la tarifa elegida (tarifa de 1 persona o tarifa de 2 personas) y acceso a los ba\u00f1os y a las infraestructuras de recepci\u00f3n.<\/li>\n<li><strong>Las tarifas se basan en el n\u00famero de personas<\/strong>, no en la parcela.<\/li>\n<li>La electricidad (tomas europeas de 6 amperios) no est\u00e1 incluida en la tarifa b\u00e1sica.<\/li>\n<li>En julio y agosto,\u00a0<strong>las reservas de parcelas deben ser de<\/strong> <strong>1 noche como m\u00ednimo<\/strong>,<\/li>\n<li>Las parcelas est\u00e1n disponibles<strong> a partir de las 12:00 h <\/strong>y deben dejarse libres<strong> antes de las 12:00 h<\/strong>.<\/li>\n<\/ul>\n<h3>Alojamientos de alquiler:<\/h3>\n<ul>\n<li><strong>Los alojamientos de alquiler deben reservarse para 7 noches como m\u00ednimo (de s\u00e1bado a s\u00e1bado)<\/strong>.<\/li>\n<li><strong>El alquiler comienza a las 16:00 h y termina a las 10:00 h<\/strong>.<\/li>\n<li>Todos los alojamientos de alquiler est\u00e1n completamente equipados con vajilla, mantas y almohadas. Consulte el inventario.<\/li>\n<li>No se incluyen las s\u00e1banas ni las fundas de las almohadas, pero ofrecemos la posibilidad de alquilarlas.<\/li>\n<li>A su llegada, en el momento de la entrega de las llaves de su alquiler, se le solicitar\u00e1 una fianza de 300 \u20ac + 80 \u20ac (alojamiento + limpieza) y se le entregar\u00e1 un inventario.<\/li>\n<li>Cualquier rectificaci\u00f3n o posible anomal\u00eda deber\u00e1 se\u00f1alarse ese mismo d\u00eda en recepci\u00f3n.<\/li>\n<\/ul>\n<p><i><em>El cliente deber\u00e1 contratar un seguro de responsabilidad civil de vacaciones que cubra cualquier da\u00f1o que ocasione.<\/em><br \/>\n<em>La direcci\u00f3n se reserva el derecho de negar el acceso a la parcela o al alojamiento de alquiler a las familias o los grupos con un n\u00famero de miembros superior al adecuado a la infraestructura del alojamiento de alquiler o con una composici\u00f3n diferente.<\/em><br \/>\n<em>Las reservas son nominativas y no pueden modificarse sin nuestro consentimiento.<\/em><br \/>\n<em>Se entregar\u00e1 el alojamiento de alquiler en perfecto estado de limpieza y con el inventario verificado. Cualquier objeto roto o deteriorado correr\u00e1 a su cargo as\u00ed como cualquier reparaci\u00f3n necesaria en el alojamiento.<\/em><br \/>\n<em>Al devolver las llaves, y tras comprobar el estado del alojamiento, se devolver\u00e1 tambi\u00e9n la fianza<\/em>.<\/i><\/p>\n<h3>Gastos de reserva:<\/h3>\n<p>No hay gastos de reserva.<\/p>\n<h2>Pago:<\/h2>\n<ul>\n<li>En el caso de las reserva efectuadas con <strong>m\u00e1s de 30 d\u00edas<\/strong> de antelaci\u00f3n, se debe abonar un anticipo del <strong>30 %<\/strong> del total de la estancia en el momento de la reserva.<\/li>\n<li>El saldo restante (<strong>70 %<\/strong>) debe abonarse <strong>30 d\u00edas antes<\/strong> del inicio de la estancia.\u00a0Se le enviar\u00e1 una confirmaci\u00f3n.<\/li>\n<li>En el caso de las reservas efectuadas con <strong>menos de 30 d\u00edas<\/strong> de antelaci\u00f3n, se deber\u00e1 abonar el importe <strong>total<\/strong> en el momento de la reserva.<\/li>\n<\/ul>\n<h3>Retraso \/ Modificaci\u00f3n \/ Interrupci\u00f3n de la estancia \/ Cancelaci\u00f3n:<\/h3>\n<ul>\n<li>En caso retraso del cliente, se guardar\u00e1 la parcela (de alquiler) hasta el d\u00eda siguiente a las 12:00 h. Transcurrido ese plazo, se considerar\u00e1 libre.<\/li>\n<li>Se pueden realizar modificaciones en la reserva, sujetas a disponibilidad, sin coste alguno.<\/li>\n<li>En caso de que el cliente interrumpa o acorte la estancia (llegada tard\u00eda, salida anticipada) por motivos inherentes a su persona, no se producir\u00e1 ning\u00fan rembolso, salvo en el caso de que haya contratado el seguro de cancelaci\u00f3n durante la reserva.<\/li>\n<li>Cualquier cancelaci\u00f3n deber\u00e1 realizarse por escrito.<\/li>\n<li>Si la reserva se ha realizado con m\u00e1s de 30 d\u00edas de antelaci\u00f3n, se retendr\u00e1 el anticipo abonado.<\/li>\n<li>Si la reserva se ha realizado con menos de 30 d\u00edas de antelaci\u00f3n, se retendr\u00e1 el total abonado.<\/li>\n<li>Un mes antes del inicio de la estancia debe abonarse el 100 % de la misma.<\/li>\n<\/ul>\n<h3><span lang=\"ES\">Tasa de estancia<\/span><\/h3>\n<ul>\n<li>Aplicable del 1 de enero al 31 de diciembre a todas las personas mayores de 18 a\u00f1os.<\/li>\n<\/ul>\n<h3>Animales:<\/h3>\n<ul>\n<li>Se aceptan animales abonando una tasa en el momento de la reserva.<\/li>\n<li>Los perros deben llevar correa, adem\u00e1s de estar tatuados y vacunados. Es necesario presentar la cartilla de vacunaci\u00f3n en la recepci\u00f3n.<\/li>\n<li>En los alojamientos de alquiler solo se permiten perros de peque\u00f1o tama\u00f1o.<\/li>\n<\/ul>\n<h3>Reglamento interno:<\/h3>\n<ul>\n<li>Todos los clientes deben cumplir las normas del reglamento interno expuesto en el establecimiento. Est\u00e1 expresamente prohibido:<\/li>\n<li>&#8211; Hacer ruido despu\u00e9s de las 23:00 h,<\/li>\n<li>&#8211; Tener comportamientos que puedan molestar a los dem\u00e1s,<\/li>\n<li>La direcci\u00f3n se reserva el derecho de dar t\u00e9rmino inmediatamente a cualquier estancia, sin indemnizaci\u00f3n ni compensaci\u00f3n alguna, en caso de incumplimiento del reglamento interno.<\/li>\n<li>La responsabilidad del establecimiento no se ver\u00e1 comprometida ni podr\u00e1 dar lugar a rembolso alguno por:<\/li>\n<li>&#8211; Cualquier inconveniente o perjuicio derivado del uso de la red wifi o del sistema de reserva en l\u00ednea.<\/li>\n<\/ul>\n<h3>Derechos de imagen<\/h3>\n<p>Todos los veraneantes autorizan al establecimiento a fotografiarlos\/filmarlos sin compensaci\u00f3n para suministrar el sitio web u otros medios de comunicaci\u00f3n.<\/p>\n","protected":false},"excerpt":{"rendered":"<p>Reserva Parcelas: La tarifa b\u00e1sica incluye una parcela para: la instalaci\u00f3n (tienda, caravana o autocaravana), 1 o 2 personas en funci\u00f3n de la tarifa elegida (tarifa de 1 persona o tarifa de 2 personas) y acceso a los ba\u00f1os y a las infraestructuras de recepci\u00f3n. Las tarifas se basan en el n\u00famero de personas, no [&hellip;]<\/p>\n","protected":false},"author":2,"featured_media":0,"parent":0,"menu_order":0,"comment_status":"open","ping_status":"open","template":"","meta":{"_acf_changed":false,"_monsterinsights_skip_tracking":false,"_monsterinsights_sitenote_active":false,"_monsterinsights_sitenote_note":"","_monsterinsights_sitenote_category":0,"footnotes":""},"class_list":["post-904","page","type-page","status-publish","hentry"],"acf":[],"aioseo_notices":[],"_links":{"self":[{"href":"https:\/\/domainedetrestraou.com\/es\/wp-json\/wp\/v2\/pages\/904","targetHints":{"allow":["GET"]}}],"collection":[{"href":"https:\/\/domainedetrestraou.com\/es\/wp-json\/wp\/v2\/pages"}],"about":[{"href":"https:\/\/domainedetrestraou.com\/es\/wp-json\/wp\/v2\/types\/page"}],"author":[{"embeddable":true,"href":"https:\/\/domainedetrestraou.com\/es\/wp-json\/wp\/v2\/users\/2"}],"replies":[{"embeddable":true,"href":"https:\/\/domainedetrestraou.com\/es\/wp-json\/wp\/v2\/comments?post=904"}],"version-history":[{"count":15,"href":"https:\/\/domainedetrestraou.com\/es\/wp-json\/wp\/v2\/pages\/904\/revisions"}],"predecessor-version":[{"id":4209,"href":"https:\/\/domainedetrestraou.com\/es\/wp-json\/wp\/v2\/pages\/904\/revisions\/4209"}],"wp:attachment":[{"href":"https:\/\/domainedetrestraou.com\/es\/wp-json\/wp\/v2\/media?parent=904"}],"curies":[{"name":"wp","href":"https:\/\/api.w.org\/{rel}","templated":true}]}}

<h2>Reserva</h2>
<h3>Parcelas:</h3>
<ul>
<li>La tarifa básica incluye una parcela para: la instalación (tienda, caravana o autocaravana), 1 o 2 personas en función de la tarifa elegida (tarifa de 1 persona o tarifa de 2 personas) y acceso a los baños y a las infraestructuras de recepción.</li>
<li><strong>Las tarifas se basan en el número de personas</strong>, no en la parcela.</li>
<li>La electricidad (tomas europeas de 6 amperios) no está incluida en la tarifa básica.</li>
<li>En julio y agosto, <strong>las reservas de parcelas deben ser de</strong> <strong>1 noche como mínimo</strong>,</li>
<li>Las parcelas están disponibles<strong> a partir de las 12:00 h </strong>y deben dejarse libres<strong> antes de las 12:00 h</strong>.</li>
</ul>
<h3>Alojamientos de alquiler:</h3>
<ul>
<li><strong>Los alojamientos de alquiler deben reservarse para 7 noches como mínimo (de sábado a sábado)</strong>.</li>
<li><strong>El alquiler comienza a las 16:00 h y termina a las 10:00 h</strong>.</li>
<li>Todos los alojamientos de alquiler están completamente equipados con vajilla, mantas y almohadas. Consulte el inventario.</li>
<li>No se incluyen las sábanas ni las fundas de las almohadas, pero ofrecemos la posibilidad de alquilarlas.</li>
<li>A su llegada, en el momento de la entrega de las llaves de su alquiler, se le solicitará una fianza de 300 € + 80 € (alojamiento + limpieza) y se le entregará un inventario.</li>
<li>Cualquier rectificación o posible anomalía deberá señalarse ese mismo día en recepción.</li>
</ul>
<p><i><em>El cliente deberá contratar un seguro de responsabilidad civil de vacaciones que cubra cualquier daño que ocasione.</em><br />
<em>La dirección se reserva el derecho de negar el acceso a la parcela o al alojamiento de alquiler a las familias o los grupos con un número de miembros superior al adecuado a la infraestructura del alojamiento de alquiler o con una composición diferente.</em><br />
<em>Las reservas son nominativas y no pueden modificarse sin nuestro consentimiento.</em><br />
<em>Se entregará el alojamiento de alquiler en perfecto estado de limpieza y con el inventario verificado. Cualquier objeto roto o deteriorado correrá a su cargo así como cualquier reparación necesaria en el alojamiento.</em><br />
<em>Al devolver las llaves, y tras comprobar el estado del alojamiento, se devolverá también la fianza</em>.</i></p>
<h3>Gastos de reserva:</h3>
<p>No hay gastos de reserva.</p>
<h2>Pago:</h2>
<ul>
<li>En el caso de las reserva efectuadas con <strong>más de 30 días</strong> de antelación, se debe abonar un anticipo del <strong>30 %</strong> del total de la estancia en el momento de la reserva.</li>
<li>El saldo restante (<strong>70 %</strong>) debe abonarse <strong>30 días antes</strong> del inicio de la estancia. Se le enviará una confirmación.</li>
<li>En el caso de las reservas efectuadas con <strong>menos de 30 días</strong> de antelación, se deberá abonar el importe <strong>total</strong> en el momento de la reserva.</li>
</ul>
<h3>Retraso / Modificación / Interrupción de la estancia / Cancelación:</h3>
<ul>
<li>En caso retraso del cliente, se guardará la parcela (de alquiler) hasta el día siguiente a las 12:00 h. Transcurrido ese plazo, se considerará libre.</li>
<li>Se pueden realizar modificaciones en la reserva, sujetas a disponibilidad, sin coste alguno.</li>
<li>En caso de que el cliente interrumpa o acorte la estancia (llegada tardía, salida anticipada) por motivos inherentes a su persona, no se producirá ningún rembolso, salvo en el caso de que haya contratado el seguro de cancelación durante la reserva.</li>
<li>Cualquier cancelación deberá realizarse por escrito.</li>
<li>Si la reserva se ha realizado con más de 30 días de antelación, se retendrá el anticipo abonado.</li>
<li>Si la reserva se ha realizado con menos de 30 días de antelación, se retendrá el total abonado.</li>
<li>Un mes antes del inicio de la estancia debe abonarse el 100 % de la misma.</li>
</ul>
<h3><span lang="ES">Tasa de estancia</span></h3>
<ul>
<li>Aplicable del 1 de enero al 31 de diciembre a todas las personas mayores de 18 años.</li>
</ul>
<h3>Animales:</h3>
<ul>
<li>Se aceptan animales abonando una tasa en el momento de la reserva.</li>
<li>Los perros deben llevar correa, además de estar tatuados y vacunados. Es necesario presentar la cartilla de vacunación en la recepción.</li>
<li>En los alojamientos de alquiler solo se permiten perros de pequeño tamaño.</li>
</ul>
<h3>Reglamento interno:</h3>
<ul>
<li>Todos los clientes deben cumplir las normas del reglamento interno expuesto en el establecimiento. Está expresamente prohibido:</li>
<li>&#8211; Hacer ruido después de las 23:00 h,</li>
<li>&#8211; Tener comportamientos que puedan molestar a los demás,</li>
<li>La dirección se reserva el derecho de dar término inmediatamente a cualquier estancia, sin indemnización ni compensación alguna, en caso de incumplimiento del reglamento interno.</li>
<li>La responsabilidad del establecimiento no se verá comprometida ni podrá dar lugar a rembolso alguno por:</li>
<li>&#8211; Cualquier inconveniente o perjuicio derivado del uso de la red wifi o del sistema de reserva en línea.</li>
</ul>
<h3>Derechos de imagen</h3>
<p>Todos los veraneantes autorizan al establecimiento a fotografiarlos/filmarlos sin compensación para suministrar el sitio web u otros medios de comunicación.</p>

<p>Reserva Parcelas: La tarifa básica incluye una parcela para: la instalación (tienda, caravana o autocaravana), 1 o 2 personas en función de la tarifa elegida (tarifa de 1 persona o tarifa de 2 personas) y acceso a los baños y a las infraestructuras de recepción. Las tarifas se basan en el número de personas, no [&hellip;]</p>
